08*a**2 - 157*a - 124. What are the prime factors of h(-55)?
23, 107
Let x = -36 + 40. Suppose -75 = x*o - 471. List the prime factors of o.
3, 11
Let t = -64 + 68. Suppose 2*m = 5*w + 245, -w = -3*m + t*w + 365. What are the prime factors of m?
2, 3, 5
Suppose 5*h = -m + 2498, -m + 1 = -2. Let f = h + -309. List the prime factors of f.
2, 5, 19
Suppose 0 = m + m - 120. What are the prime factors of 88/5 - (-3)/(m/8)?
2, 3
Let l(r) = -2*r**3 + 21*r**2 + 14*r - 11. Let x be l(11). Let g(o) = -o + 1. Let z be g(7). Let i = z + x. What are the prime factors of i?
2
Let a = 194 - -612. What are the prime factors of a?
2, 13, 31
Suppose 4*g - 256 = -l + 19, 2*g + l = 139. What are the prime factors of g?
2, 17
Suppose -3*p + 139 = 2*o, -3*p - o = -3*o - 155. Suppose -p = -9*y + 761. What are the prime factors of y?
2, 3, 5
Suppose -4*r + 10 + 10 = 0. Suppose -5*z + b + 147 = 1, 0 = 5*z + r*b - 140. What are the prime factors of z?
29
Let p(b) = 3*b**2 + 50*b - 133. List the prime factors of p(19).
2, 5, 19
Suppose 3*d = 4*r + 4553, 5646 = 3*d - r + 1099. What are the prime factors of d?
3, 5, 101
Suppose i + 774 = 3*z, z - 4*z = -2*i - 777. List the prime factors of z.
257
Let i = 2 + 14. Let p be 68*12/i*-1. Let n = p + 83. List the prime factors of n.
2
Let f = -844 - -1504. What are the prime factors of f?
2, 3, 5, 11
Let r be (((-8)/3)/4)/(6/(-6057)). Suppose 0*t - 506 = -3*t + 4*g, 5*g = 4*t - r. List the prime factors of t.
2, 3
Let r(w) = -w**3 - 3*w**2 + 11*w + 23. Let f = -11 - -6. What are the prime factors of r(f)?
2, 3
Let z = -29 - 76. Let p = z - -154. What are the prime factors of p?
7
Let j(t) = 5*t**2 - 19*t + 168. What are the prime factors of j(17)?
2, 3, 5, 43
Let i(t) = -t**3 + 4*t**2 - 4*t. Let r be i(2). Suppose -2*f + 9 - 53 = r. Let d = f - -27. What are the prime factors of d?
5
Let n(g) = 2*g. Let m be n(-5). Let f(b) = 7*b + 48. Let u be f(-11). What are the prime factors of (u + 5)*m/4?
2, 3, 5
Let n(f) = f**3 - 28*f**2 + 50*f - 17. What are the prime factors of n(27)?
2, 151
Let p = 46 - -21. Let g = -51 + p. What are the prime factors of g?
2
Let r(j) = j**3 - 11*j**2 - j + 13. Let l be r(9). Let c be (l/(-4))/((-4)/(-8)). Let d = c + -55. List the prime factors of d.
2, 3
Let d(y) = -5*y**3 - 6 - 3*y**2 - 5*y**3 + y - y - 5*y. What are the prime factors of d(-2)?
2, 3
Let z(o) = -207*o - 611. What are the prime factors of z(-15)?
2, 29, 43
Let y = 129 + -92. Let u = 64 - y. What are the prime factors of u?
3
Let y(t) = 31*t**2 + 21*t - 96. What are the prime factors of y(5)?
2, 7
Let t be (135/(-20))/(1/8). What are the prime factors of (-3897)/t - ((-21)/(-18) + -1)?
2, 3
Suppose -m = -0 - 3. Suppose m*s + 0*s + 24 = 0. What are the prime factors of -2*(-2 - (-20)/s)?
3
Let p(r) = 155*r + 123. List the prime factors of p(6).
3, 13
Let r = 1 - 0. Let x be 3*(-9)/(-54)*2. What are the prime factors of -69*r/(x + -2)?
3, 23
Let n(j) = 11*j + 16. Let k(x) = -5*x - 8. Let i(b) = -5*k(b) - 2*n(b). Let c be 6*(2 - (6 + -1 - 4)). What are the prime factors of i(c)?
2, 13
What are the prime factors of ((-36)/(-7))/((-10)/(-1435))?
2, 3, 41
Let r(s) = 2*s**2 - 11*s + 6. Let o be r(7). Suppose 2*c + 4*w - o = 33, -w = 4. What are the prime factors of (c/4)/(8/16)?
19
Let s(o) = o**3 + 4*o**2 - o - 3. Let i be s(-4). Let m = i - -3. Suppose 3*z + m*p + 5 = 8*z, p = z. List the prime factors of z.
5
Let l(n) = -n**3 - 13*n**2 + 14*n + 3. Let c be l(-14). Suppose -2*x + c*x - 1 = 0. Let i = 13 - x. What are the prime factors of i?
2, 3
Let a(f) = 6*f**2 - 19*f + 8. Let n be a(8). Suppose -n = -2*z - 88. What are the prime factors of z?
2, 19
List the prime factors of ((-3054)/4)/(9/(-6)).
509
Let t(v) = v**3 + v**2 + 2*v - 2. Let a be t(1). List the prime factors of a/(-8) - (-771)/12.
2
Suppose -2*w - 8 = -m - w, 5*m = -4*w + 4. Let x be 0/3 + (m - 9). Let y(v) = v**2 + v - 5. List the prime factors of y(x).
3, 5
Let w(g) = -g**2 + 7*g - 7. Let v be w(4). Suppose -v*p = -25, -4*p = -3*l + 4*l - 75. List the prime factors of l.
5, 11
Suppose 5*c + 3*w - 424 - 2141 = 0, 4*w = c - 490. What are the prime factors of c?
2, 3, 5, 17
Let j(i) = 2*i - 2. Let x(l) = -l + 1. Let n(o) = -2*j(o) - 3*x(o). Suppose -2*f = -3*f - 8. List the prime factors of n(f).
3
Suppose 3*j - 112 = 2*j. Suppose 3*r - j = -5*r. What are the prime factors of r?
2, 7
Let i = 637 - 259. List the prime factors of i.
2, 3, 7
Suppose 7*j - 4*j - 22 = 4*t, j - 5*t = 0. Suppose 5*l = s - 16 - 168, 2*l = -j. What are the prime factors of s?
3, 53
Let t be 346/8*2 + (-1)/(-2). Suppose 2*s - 292 = -4*k, 0 = 3*s + 5*k - 354 - t. List the prime factors of s.
2, 19
Let z be -13 + 3 + 2*-1. What are the prime factors of z/(-2)*(19 - -2)?
2, 3, 7
Let h be (-1 - 19/(-3))*(-12)/(-8). Let y(t) = t**3 - 8*t**2 + 4*t + 9. What are the prime factors of y(h)?
41
Let i(a) = 708*a**3 - 17*a + 18. List the prime factors of i(1).
709
Let r be 18/(-45) - 34/(-10). Suppose y = o + 22, r*y - 52 = -o + 10. Suppose -4*l = -y - 7. What are the prime factors of l?
7
Suppose 8*t - 4359 = 209. What are the prime factors of t?
571
Let b(j) = -10 + 0*j**2 - j**3 + j + 4*j**2 + 0*j**2 - 3*j**2. List the prime factors of b(-3).
23
Let z = 57 + 40. What are the prime factors of z - 2*(0 + -1)?
3, 11
Let r = -2 + 5. Suppose -2*d = 4*t - 12, 2*d + r*d + 30 = 5*t. List the prime factors of -12*(-1)/t*9.
3
Let h(k) = k + 34. Let g be h(0). Suppose 138 = 2*l + g. Suppose -3*o = j - 83, 5*j - l = -2*o + 12. What are the prime factors of o?
3
Let x = 18 - 15. Suppose -x*z + z = -84. List the prime factors of (z/(-5))/((-4)/20).
2, 3, 7
Suppose 3*u - 3379 = 5*x + 1489, -4*u = -2*x - 6486. List the prime factors of u.
1621
Let n be 626/(-8) + (-4)/(-16). Let x = n - -144. List the prime factors of x.
2, 3, 11
Let k = 104 + 367. What are the prime factors of k?
3, 157
Let f(d) = 3*d - 19. Let r be f(0). Let j = 20 - r. Let o = -29 + j. What are the prime factors of o?
2, 5
Suppose 0 = -4*y + 5*w - 361 + 2808, 5*w + 1834 = 3*y. What are the prime factors of y?
613
Suppose 4*v - 135 = -3*g, -3*v = -0*v - 5*g - 94. Let x(c) = -4*c + 3. Let a be x(-4). Let z = v - a. List the prime factors of z.
2, 7
Let g = 4469 - 2367. What are the prime factors of g?
2, 1051
What are the prime factors of ((-31)/(-62))/(2/12908*1)?
7, 461
Let d = 732 - -64. What are the prime factors of d?
2, 199
Let c(u) be the first derivative of u**3/3 - 3*u**2 + 3*u + 1. Let f be c(4). Let g(l) = -9*l - 4. What are the prime factors of g(f)?
41
Let n(l) = -2*l**3 - l**2 + 4*l + 2. Suppose 0*j = j - 2*c - 1, 17 = -4*j + c. Let m be n(j). Suppose 27 = -5*u + m. What are the prime factors of u?
2, 3
Suppose -2*l - 175 = -2*j + 51, 0 = 2*l + 6. Suppose -z + 29 + 18 = 2*y, 0 = -5*y - 5*z + j. List the prime factors of y.
5
Suppose -559130 = -69*m - 61*m. What are the prime factors of m?
11, 17, 23
Let c = -66 + 107. Let g = c - 33. List the prime factors of ((-212)/g)/((-6)/12).
53
Let y(s) = -s**2 + 5*s - 3. Let w be y(6). Let p be (3/w)/((-1)/93). Suppose -4*k + n + 13 = -p, -3*k = 5*n - 10. What are the prime factors of k?
2, 5
Let h be (0 - 2 - -2) + -14. Let r = 12 - h. List the prime factors of r.
2, 13
Suppose -57*x + 13282 + 11684 = 0. List the prime factors of x.
2, 3, 73
Suppose 0 = 21*o - 3*o - 2160. What are the prime factors of ((-22)/(-5))/(3/o)?
2, 11
Let m(l) = 32*l**3 + 8*l**2 - 12*l + 1. List the prime factors of m(5).
41, 101
Let h = 57 + -127. Let k = h - -111. List the prime factors of k.
41
Suppose -6*o + 64*o = 209032. List the prime factors of o.
2, 17, 53
Let j = -82 + 96. Suppose 1298 = j*t + 388. What are the prime factors of t?
5, 13
Let q = 1807 + -892. What are the prime factors of q?
3, 5, 61
What are the prime factors of 1/(-3) + 37439/87?
2, 5, 43
Suppose -3*s = 2*c - 176, -3*s + 4*s = 2*c - 176. Let m = c + -41. List the prime factors of m.
47
Suppose -9*p = -5912 - 4870. List the prime factors of p.
2, 599
Suppose 3*n + 3680 = 5*f + 7*n, -3*f + 4*n + 2176 = 0. What are the prime factors of f?
2, 3, 61
Let d be ((-2)/((-2)/1))/1. Let l be 2/d - (56 - -2). Let g = -29 - l. What are the prime factors of g?
3
Suppose 0 = 3*x - 7*g + 2*g - 7023, 4*x - 4*g - 9356 = 0. What are the prime factors of x?
2, 73
Let